ase 4, what is 12310101311122 + -10?
12310101311112
In base 8, what is 1250346 + -6?
1250340
In base 16, what is 2a + e99c16?
e99c40
In base 8, what is -132 + 44131372?
44131240
In base 12, what is -6a507 - 9?
-6a514
In base 10, what is -2286 + -20078?
-22364
In base 10, what is 1525 - 147139?
-145614
In base 9, what is 4046667 + 11?
4046678
In base 9, what is -7512 + -1161?
-8673
In base 13, what is -4 + -208a2a63?
-208a2a67
In base 13, what is 2 - 18c4bb8?
-18c4bb6
In base 4, what is 130111011 - 1101?
130103310
In base 3, what is -10 + -100111100210121?
-100111100210201
In base 8, what is -3330426 - -56?
-3330350
In base 15, what is -1c - 5d304?
-5d321
In base 12, what is -1696908 + 13?
-16968b5
In base 2, what is -11110110111000001101 - 11?
-11110110111000010000
In base 11, what is -48 - -382297?
38224a
In base 9, what is -461356 + 4377?
-455868
In base 16, what is b8c4ff + 1?
b8c500
In base 14, what is -2 - 9cd9921?
-9cd9923
In base 16, what is 2 + 86987f?
869881
In base 5, what is 11401413400 + -22?
11401413323
In base 11, what is 2 - 82330043?
-82330041
In base 11, what is -74 + -255099?
-255162
In base 2, what is -1001001001 + -1010111000011000?
-1011000001100001
In base 12, what is -391 + 3293?
2b02
In base 9, what is 26554 + -42?
26512
In base 7, what is 21031211462 - -2?
21031211464
In base 12, what is 360 - -571a?
5a7a
In base 8, what is 102227 + 225?
102454
In base 8, what is 5 + -213441535?
-213441530
In base 12, what is 335b2 - -160?
33752
In base 3, what is -1120012222202000 + -11?
-1120012222202011
In base 7, what is 60 + -63051141?
-63051051
In base 14, what is -15 + 9568?
9553
In base 3, what is 202 - 110100122012210?
-110100122012001
In base 10, what is 10 - -11867101?
11867111
In base 10, what is 4 + 8100775?
8100779
In base 2, what is 10000001111000111 + 1000100011?
10000010111101010
In base 16, what is -3 - -3601e3d?
3601e3a
In base 13, what is -264439 - b1?
-26451a
In base 12, what is 14 - 42b281?
-42b269
In base 8, what is -1653 + 412231?
410356
In base 16, what is 1 - 33604f5?
-33604f4
In base 7, what is -441622520 - -1?
-441622516
In base 14, what is -107 - -27dd7?
27cd0
In base 9, what is 105 - 111233?
-111127
In base 3, what is -1220112 + 210210100?
201212211
In base 7, what is -124161542 - -12?
-124161530
In base 7, what is -1223111 - 104?
-1223215
In base 3, what is 0 + 101221202010100002?
101221202010100002
In base 16, what is 15 - -1731fa?
17320f
In base 7, what is -5 + 3255260?
3255252
In base 6, what is -103 - 155310511?
-155311014
In base 11, what is -a64220 - -11?
-a6420a
In base 5, what is -3114430330444 - 0?
-3114430330444
In base 16, what is 2e + -73ad?
-737f
In base 3, what is -11 + -110010112120120?
-110010112120201
In base 11, what is 4450aa + -1?
4450a9
In base 12, what is -6 - 3aa628b?
-3aa6295
In base 15, what is -2 + -7512d0?
-7512d2
In base 11, what is -35a13 - -69?
-35955
In base 8, what is 154151332 - 4?
154151326
In base 7, what is 125601605 - 3?
125601602
In base 16, what is 0 - -abbe82?
abbe82
In base 3, what is 10112211211222202 + 0?
10112211211222202
In base 11, what is -17040 - -261?
-1688a
In base 15, what is -4bea + 225a?
-2990
In base 11, what is 152a + -472?
1068
In base 13, what is 123 - 450a?
-43b7
In base 7, what is -5341515 - 262?
-5342110
In base 10, what is -760846 - -4?
-760842
In base 12, what is -5050a573 + 2?
-5050a571
In base 16, what is 389 - -3768a?
37a13
In base 4, what is 102201 + 12332323?
13101130
In base 6, what is -33031 + -35314?
-112345
In base 6, what is -2 + -144134150?
-144134152
In base 15, what is 832 - 38e4?
-30b2
In base 14, what is 5d + 1c42301?
1c42360
In base 2, what is -1000110011110000 - 0?
-1000110011110000
In base 14, what is 0 - 22664d5?
-22664d5
In base 8, what is -24067 - -1742?
-22125
In base 3, what is 220012102000110 + 1?
220012102000111
In base 8, what is -110266200 + -4?
-110266204
In base 12, what is -1747429 - 29?
-1747456
In base 5, what is -3 - -31234400122?
31234400114
In base 13, what is -15 + -570a1?
-570b6
In base 13, what is -8 + 357722?
357717
In base 2, what is 10100 - 100001000011011011?
-100001000011000111
In base 13, what is 2a2bc992 - 4?
2a2bc98b
In base 15, what is -66ed + 3e95?
-2758
In base 11, what is -8 + -4a857?
-4a864
In base 3, what is -12120001110 - -1010002?
-12111221101
In base 13, what is 8676 + -10486?
-4b10
In base 16, what is 18e6363 - -f?
18e6372
In base 10, what is -116217 + 5167?
-111050
In base 15, what is b0 - -726?
7d6
In base 3, what is 11001122211022 + 210?
11001122212002
In base 5, what is 0 + 142202010?
142202010
In base 12, what is a66a + a384?
18a32
In base 12, what is 882 + -343b3?
-33731
In base 13, what is 986074 + -17?
98605a
In base 9, what is -25812 + 3837?
-21864
In base 8, what is -1645 + 14411?
12544
In base 5, what is -4220001024 + -12?
-4220001041
In base 8, what is -4 + -10145215?
-10145221
In base 12, what is -569683 - 5?
-569688
In base 16, what is f - d7a8d1?
-d7a8c2
In base 4, what is 201330231 + -3301?
201320330
In base 2, what is -1110110000100111100011 - 10101?
-1110110000100111111000
In base 5, what is 10224124011 + 13?
10224124024
In base 15, what is -369 - -483a?
44c1
In base 11, what is 2 - 19a55179?
-19a55177
In base 14, what is 0 - 11882c?
-11882c
In base 7, what is 4 - 40333224?
-40333220
In base 13, what is 4659a5 - -22b?
465c03
In base 9, what is -42 - -588615?
588563
In base 12, what is 173 - 2104a?
-20a97
In base 6, what is 25 - 1300302412?
-1300302343
In base 13, what is 2b47 + 478bc?
4a736
In base 6, what is 145240134 + -10?
145240124
In base 3, what is -12 - 11120200012002110?
-11120200012002122
In base 4, what is 202 + -2130202311?
-2130202103
In base 2, what is -11 - 1110010001010010110100001?
-1110010001010010110100100
In base 8, what is 1 - 103125244?
-103125243
In base 5, what is -3 - 1424123233?
-1424123241
In base 8, what is -2512 - 13544?
-16256
In base 15, what is -123e - -5503?
42b4
In base 8, what is -317 + -163157?
-163476
In base 4, what is -1 - -13201121202?
13201121201
In base 6, what is -2015 - -321035?
315020
In base 8, what is -13 + -7047674?
-7047707
In base 12, what is -50b1b549 + -1?
-50b1b54a
In base 16, what is 2 - -50ed0c?
50ed0e
In base 10, what is -69 + 1633082?
1633013
In base 12, what is -4 - -152447?
152443
In base 2, what is -111 + -1101101000110101001?
-1101101000110110000
In base 12, what is -2 - -207810b?
2078109
In base 7, what is 16553 + -15233?
1320
In base 8, what is -346 + -27573720?
-27574266
In base 12, what is 94130 + -58?
94094
In base 15, what is 937b - -2c1?
964c
In base 7, what is 44120 + -1114?
43003
In base 11, what is -17042 - -532?
-16610
In base 13, what is 122b + b810?
ca3b
In base 12, what is 333 - -213a0?
21713
In base 13, what is 9cbc2a31 - -4?
9cbc2a35
In base 12, what is -2219b2 - 1?
-2219b3
In base 2, what is -110 + -1011000011101111011111001?
-1011000011101111011111111
In base 6, what is -44541015 - 4?
-44541023
In base 13, what is -64 + 2b44?
2ab0
In base 16, what is -233 - 9abd9?
-9ae0c
In base 4, what is -11 + 1111321223?
1111321212
In base 15, what is bae - -37797?
38456
In base 15, what is 172 + 1cbcc?
1cd4e
In base 9, what is -4 - 2282328?
-2282333
In base 13, what is -2482 - -c20?
-1562
In base 12, what is -20a7 + -10054?
-1213b
In base 7, what is -452651533 - -1?
-452651532
In base 15, what is -1b - 92600d?
-926029
In base 7, what is -2213153003 - -4?
-2213152666
In base 7, what is 2336 + -2651303?
-2645634
In base 16, what is -9 + -16c098?
-16c0a1
In base 10, what is 28259450 + -1?
28259449
In base 9, what is -2 - 4816788?
-4816801
In base 6, what is 4230401 + -12?
4230345
In base 6, what is -134 + -431052554?
-431053132
In base 2, what is -111101010001 - -11010000001010110?
11001000100000101
In base 3, what is 12 + 200002202011?
200002202100
In base 10, what is 175 - 51366?
-51191
In base 13, what is -2 + -8587b?
-85880
In base 6, what is -154511443 - -10?
-154511433
In base 6, what is -1403442 - -135?
-1403303
In base 13, what is 323118 + -979?
32246c
In base 13, what is -31b9 + -40aa?
-7296
In base 4, what is -212231001 + -1112?
-212232113
In base 10, what is -1983834211 + 5?
-1983834206
In base 3, what is -2110222021 + -11001210?
-2122001001
In base 6, what is 2341 - 24153?
-21412
In base 7, wha